
Is 549324313 prime?
True
Is 2129083037 composite?
True
Is 4085801273 prime?
False
Is 646625037 prime?
False
Is 5190056869 a prime number?
True
Is 57926431 a prime number?
False
Is 194475439 a prime number?
True
Is 2384989423 a composite number?
False
Is 82210835849 composite?
False
Is 81951839 prime?
False
Is 2928125149 a prime number?
False
Is 9478569769 composite?
False
Is 1056750131 a composite number?
True
Is 3513631139 composite?
True
Is 4131925823 composite?
True
Is 3797778233 a composite number?
True
Is 2536204263 composite?
True
Is 1303169089 a composite number?
False
Is 440239073 prime?
False
Is 3535837555 composite?
True
Is 3732886523 a prime number?
True
Is 2020432679 prime?
True
Is 38575965899 a prime number?
False
Is 3011916533 prime?
False
Is 73903994909 a prime number?
True
Is 93268017797 prime?
False
Is 2324444677 composite?
True
Is 9294897181 prime?
True
Is 6453230629 composite?
True
Is 4563856309 a composite number?
False
Is 2507398841 a prime number?
False
Is 3776382439 a composite number?
True
Is 621791749 a composite number?
True
Is 6460373329 composite?
False
Is 659593271 a prime number?
False
Is 858680723 prime?
False
Is 2752291813 a prime number?
True
Is 8850978137 a prime number?
True
Is 306416491 a composite number?
True
Is 7068618527 prime?
True
Is 4462528427 prime?
False
Is 11367766141 a composite number?
True
Is 283073333 a prime number?
False
Is 104103879247 composite?
True
Is 3596139697 a prime number?
True
Is 29218104023 a prime number?
False
Is 82592387067 composite?
True
Is 72552959629 prime?
False
Is 750770723 a composite number?
False
Is 34194800473 a composite number?
False
Is 2919559465 a prime number?
False
Is 10617081737 a prime number?
False
Is 3050189501 prime?
True
Is 1012883437 a composite number?
False
Is 19014320659 prime?
True
Is 1111427077 a composite number?
False
Is 700623967 a prime number?
True
Is 625803613 a prime number?
True
Is 3111878197 prime?
False
Is 17847492197 a prime number?
True
Is 2581742297 a composite number?
False
Is 753487411 prime?
False
Is 117450280793 prime?
True
Is 351373559 a composite number?
False
Is 78787493777 composite?
False
Is 97129209707 a prime number?
False
Is 880776343 prime?
True
Is 9180672513 a composite number?
True
Is 883284607 a prime number?
False
Is 2398030709 a composite number?
True
Is 53697279277 prime?
True
Is 1478821709 composite?
True
Is 34105728643 prime?
False
Is 4347404393 prime?
False
Is 49702101377 prime?
True
Is 63705577951 a composite number?
True
Is 3807267881 a prime number?
True
Is 14185736219 a composite number?
False
Is 9062043361 a composite number?
True
Is 3086896453 a composite number?
False
Is 117464007659 prime?
False
Is 22763003917 a prime number?
True
Is 25758923771 a composite number?
True
Is 952158919 prime?
False
Is 1404318961 composite?
True
Is 66218857681 a composite number?
False
Is 6651071411 a composite number?
False
Is 342271553 composite?
True
Is 6894203831 prime?
True
Is 9902697823 prime?
True
Is 107070863831 prime?
False
Is 1340830303 prime?
True
Is 2156278409 a composite number?
False
Is 6962806079 composite?
False
Is 939257483 a prime number?
False
Is 12098227 a prime number?
False
Is 204857467 prime?
True
Is 3117517933 a prime number?
False
Is 383287462 a composite number?
True
Is 89201319469 composite?
True
Is 530757917 a prime number?
True
Is 115161925469 prime?
True
Is 769229177 prime?
True
Is 906581413 prime?
False
Is 964341751 a prime number?
False
Is 535137517527 a prime number?
False
Is 11959073 composite?
True
Is 5603774731 a composite number?
False
Is 458240851 a prime number?
True
Is 13672782533 a prime number?
True
Is 1674644507 a composite number?
True
Is 513081119 a composite number?
False
Is 2289672161 prime?
False
Is 9828246343 composite?
False
Is 1377682099 a composite number?
True
Is 6875184003 composite?
True
Is 3697980589 composite?
True
Is 1085894921 composite?
True
Is 12092033573 prime?
False
Is 16505395889 a composite number?
False
Is 214118982179 a prime number?
True
Is 222077633 a prime number?
True
Is 2567956103 composite?
True
Is 1933295033 composite?
True
Is 586582769 prime?
False
Is 11779872331 composite?
False
Is 23667948637 a composite number?
True
Is 17898041533 a composite number?
False
Is 4435381693 prime?
True
Is 9205941247 prime?
True
Is 242481805 a composite number?
True
Is 41485057973 a prime number?
False
Is 636996631 a prime number?
True
Is 11067059593 composite?
True
Is 79199729461 a composite number?
False
Is 396035803 a prime number?
False
Is 126721831 composite?
True
Is 1254997133 a composite number?
True
Is 231285171235 a prime number?
False
Is 119082246683 prime?
True
Is 8611555289 a composite number?
True
Is 44201785913 prime?
True
Is 102906043 composite?
True
Is 38998419377 prime?
True
Is 904264457 a prime number?
False
Is 2683630181 a prime number?
True
Is 368918323 a composite number?
False
Is 10425368067 composite?
True
Is 935828009 composite?
False
Is 95044982141 prime?
False
Is 260427031 a composite number?
True
Is 5713768739 a composite number?
True
Is 210748991 a prime number?
True
Is 6144050111 prime?
True
Is 5381911363 composite?
False
Is 78943798 composite?
True
Is 373416023 prime?
False
Is 6390623573 composite?
False
Is 161312834377 a composite number?
True
Is 2787061337 composite?
False
Is 21520742123 a composite number?
True
Is 1842520343 composite?
False
Is 12624202853 composite?
True
Is 1977870886 prime?
False
Is 17077957601 a composite number?
True
Is 6062791219 a prime number?
False
Is 388215263 a prime number?
False
Is 460236241 prime?
True
Is 34469061227 a composite number?
False
Is 489477509 a composite number?
True
Is 51547811929 prime?
False
Is 3121742399 prime?
True
Is 234530021 prime?
False
Is 7570600417 composite?
False
Is 16583492963 a prime number?
False
Is 350421079 a prime number?
True
Is 2159555687 a composite number?
True
Is 88010397511 a composite number?
True
Is 6196974373 composite?
True
Is 36162677051 a prime number?
True
Is 806712667 prime?
False
Is 6398909549 prime?
False
Is 11009624837 a prime number?
False
Is 97846724263 prime?
True
Is 217522391 a prime number?
True
Is 21623748251 composite?
True
Is 63647491265 a composite number?
True
Is 10660663933 composite?
False
Is 6601053841 a prime number?
False
Is 930793393 composite?
False
Is 3165096901 composite?
False
Is 52657259839 a prime number?
True
Is 545035429 composite?
False
Is 29520732551 a prime number?
False
Is 15432758413 a prime number?
False
Is 300603097897 composite?
False
Is 19364727323 a prime number?
True
Is 73739958871 a composite number?
False
Is 46746458753 composite?
False
Is 115081007 composite?
True
Is 53629957621 a prime number?
True
Is 435840053 a composite number?
True
Is 13266619 prime?
True
Is 2775371933 a prime number?
False
Is 86227062419 composite?
False
Is 550788221 a prime number?
True
Is 79261376533 composite?
False
Is 40708192687 prime?
True
Is 1529902763 a prime number?
True
Is 6567793139 prime?
False
Is 2494735813 composite?
True
Is 749434099 a prime number?
False
Is 156249823 a composite number?
True
Is 24758968107 composite?
True
Is 7208129447 prime?
False
Is 25829592245 a composite number?
True
Is 3704517247 a composite number?
False
Is 3725079539 a composite number?
True
Is 63931050301 prime?
True
Is 113695733509 a composite number?
True
Is 21516753371 composite?
True
Is 21800579701 composite?
True
Is 525568091 prime?
False
Is 758044019 a composite number?
False
Is 115107857 a prime number?
True
Is 342548143 a composite number?
True
Is 9028806583 composite?
False
Is 209514928603 a prime number?
True
Is 26766438547 a prime number?
True
Is 2558119646 a prime number?
False
Is 34902819737 prime?
False
Is 1430181913 a composite number?
False
Is 168455947 prime?
False
Is 150727351 a composite number?
True
Is 70565364421 composite?
True
Is 37111108273 composite?
True
Is 10001920109 a composite number?
False
Is 37152182101 composite?
True
Is 886975123 composite?
False
Is 842868811 a prime number?
True
Is 2784161423 prime?
True
Is 359689013 prime?
True
Is 1425905203 composite?
True
Is 1188540319 composite?
True
Is 19429747721 a prime number?
True
Is 51489377 prime?
True
Is 246951091 prime?
True
Is 32366843 composite?
False
Is 1010841311 composite?
